tor of f and 242.
2
Suppose 310 = 5*m - 3*w - 96, 0 = 4*m - 5*w - 330. What is the greatest common factor of m and 48?
16
Suppose -4*d = s - 39 - 2, d = s - 26. What is the greatest common divisor of s and 899?
29
Suppose 27*g - 10998 - 4500 = 0. What is the highest common divisor of g and 82?
82
Suppose 5*b + 128 = 3*p, 0 = -p - b + 5*b + 52. Calculate the greatest common divisor of 36 and p.
36
Suppose -303*v + 305*v = 176. Calculate the greatest common factor of v and 56.
8
Let q(d) = 4*d**2 + 7*d - 14. Let s be q(4). Calculate the highest common divisor of 5382 and s.
78
Let c = 18 + 18. Suppose 81*p - 97*p + 1440 = 0. Calculate the highest common divisor of p and c.
18
Suppose -4*k + 8*g - 3*g = -14, 5*g - 22 = -2*k. Let q be ((-40)/(-14))/(k/21). Suppose 0 = j - q - 1. Calculate the highest common divisor of 88 and j.
11
Let q be ((-155)/62)/((-1)/((-66)/(-15))). Calculate the greatest common factor of 572 and q.
11
Suppose p = 3*a - 160, -64 = 2*a + 2*p - 176. What is the highest common divisor of a and 1566?
54
Let a(d) = -d**3 - 12*d**2 - 37*d + 39. Let k be a(-12). What is the highest common factor of 42 and k?
21
Let y be 0/(-6 + (-4)/(-2)). Let s be 0 + (y/(-1) - -168). Calculate the highest common divisor of 21 and s.
21
Let q = 425 - 349. What is the highest common factor of q and 4?
4
Let y = 79 - 70. Let m be (-976)/(-24) - 6/y. Let c be (-10)/(-4)*(-4)/(-1). What is the highest common factor of m and c?
10
Suppose 8*w - 2426 = 54. Calculate the greatest common factor of w and 10.
10
Let m(h) = 23*h**2 + 62*h - 4. Let w be m(-3). What is the highest common divisor of 289 and w?
17
Suppose 0 = 12*m + 11*m - 207. Calculate the highest common factor of m and 63.
9
Suppose 0 = 3*j - 2*j - 90. Let t = 166 - 151. Suppose -o - 17 = -2*u, t + 6 = 3*u - 3*o. Calculate the highest common divisor of u and j.
10
Suppose -25*k + 250 + 475 = 0. Let r(z) = 48*z + 1. Let l be r(3). What is the greatest common divisor of l and k?
29
Let p(g) = -7*g - 5. Let f be p(-3). Let v be (-105)/(-1)*f/40. What is the highest common divisor of 28 and v?
14
Let i(l) = l**2 - l + 12. Let o be i(6). Suppose -o = -2*w - 5*w. What is the greatest common divisor of 48 and w?
6
Let j = 89 + -52. Suppose -37 = -r - 3*x + j, -12 = -4*x. Calculate the highest common divisor of r and 26.
13
Let j(v) = 1 - 4*v - 2 + 8 + 3*v. Let u be j(-11). Calculate the greatest common factor of 45 and u.
9
Let n = 46 - -2. Calculate the highest common divisor of n and 4.
4
Let k(q) = q**3 + 8*q**2 - q - 6. Let a be k(-7). Let b be a/6 - (-2)/3. Let c(j) = -j + 10. Let p be c(-26). Calculate the greatest common divisor of b and p.
9
Suppose -52*k + 735 + 1709 = 0. Let f = 988 + -565. What is the highest common factor of k and f?
47
Suppose 20 = -2*i + 2. Suppose -u - 2 = 0, -4 = -0*a - 2*a + 5*u. Let x be 1/(a/i - 0). What is the highest common divisor of x and 12?
3
Suppose 6*u = -4 + 34. Suppose u*o - 4*o = 36. What is the greatest common factor of o and 36?
36
Let w = 8 + -2. Let u(f) = f**3 + 8*f**2 - 5*f - 11. Let h be u(-9). Let g = h + 50. What is the highest common divisor of g and w?
3
Let h(x) = -2*x - 39. Let l be h(-19). Let w be (4 + l)/((-3)/(-46)). What is the highest common divisor of 23 and w?
23
Let o be ((-38)/7)/((-2)/14). Let w(a) = -a + 6. Let i be w(5). Let s be i + 18 + 0/(-2). Calculate the greatest common divisor of o and s.
19
Suppose 20 = -21*p + 25*p. Suppose -3*m - 100 = p*q, 3*q + 48 = -m + 8. Let l be m/(-1) + 1 + -2. Calculate the greatest common divisor of l and 3.
3
Let s(p) = 2*p + 6. Let x be s(-2). Suppose -5*q + 70 = 3*u, 76 = u + x*u - q. Calculate the highest common divisor of u and 20.
5
Let g be (-21)/(-7) - (-3 - -1). Suppose o - 4*h = 42, -106 = -g*o - 3*h + 150. Calculate the greatest common divisor of 20 and o.
10
Let n(h) = h**3 + 2*h**2 - 5*h - 4. Let d be n(-3). Let v = 6 + -3. Suppose -d*q - v*q + 630 = 0. What is the highest common factor of 18 and q?
18
Suppose 2*o - 3 = o - m, -3*o - 5*m = -9. Suppose 63 + 12 = 5*p. What is the highest common factor of o and p?
3
Let i(a) = -3*a - 88. Let f be i(-34). Calculate the highest common factor of f and 147.
7
Suppose 0 = 5*f - 64 - 136. Calculate the greatest common divisor of f and 5.
5
Let g = 48 + -48. Suppose g = 3*k - 228 + 75. Calculate the greatest common divisor of k and 34.
17
Let l = 202 + -117. Calculate the highest common divisor of 15 and l.
5
Suppose -11 + 6 = 5*m, 4*m + 704 = 5*r. What is the highest common factor of 21 and r?
7
Let a = 1112 + -618. What is the greatest common divisor of 26 and a?
26
Suppose -16*t + 99 = -13*t. Calculate the greatest common divisor of 77 and t.
11
Let y(o) be the second derivative of -9*o**5/10 - o**4/4 + o**3/6 + 3*o**2/2 + 17*o. Let g be y(-2). What is the greatest common divisor of g and 19?
19
Let m = -83 - -257. Calculate the greatest common divisor of 232 and m.
58
Let q be (-30)/((-2)/(-2) - 2). Let h be 4 + (8/10)/((-2)/5). Let w be -4*(-4)/8*h + 41. What is the greatest common factor of q and w?
15
Suppose 4*j - 11 = -3. Suppose -5*a = j*i - 65, 3*i - 4*a + 8 = 48. Calculate the highest common divisor of i and 40.
20
Let b be (-1)/(((-6)/(-64))/(6/(-4))). Calculate the greatest common factor of 80 and b.
16
Suppose -5*i + 5*k + 71 = -259, -163 = -3*i - 4*k. Suppose 11 = 62*z - i*z. What is the highest common factor of 99 and z?
11
Let m be 1*(0 + -1 - 1). Let s be (34/4)/(m/(-4) + 0). Suppose -3*v = -4*j + 148, 0 = j - v + 15 - 53. What is the highest common divisor of j and s?
17
Suppose 5*i - 302 = -0*m - 3*m, m - 74 = 5*i. What is the greatest common factor of 141 and m?
47
Let u be (18*1)/((-6)/(-4)). Let v(s) = -s + 1. Let h(i) = -22*i - 5. Let p(g) = h(g) + 3*v(g). Let f be p(-2). What is the greatest common divisor of f and u?
12
Let n = -44 - -62. Let z(m) = -5*m - 1. Let j(s) = -s - 1. Let k(d) = -4*j(d) + z(d). Let w be k(-9). What is the greatest common divisor of n and w?
6
Let p(g) = 19*g**3 + 2*g**2 - g. Let u be 90/12*2/3. Suppose -c - u = -4*i - 4, -3*c + 9 = 0. Let h be p(i). Calculate the greatest common factor of 60 and h.
20
Let w(v) = 5*v**2 - v - 36. Let d be w(4). Calculate the highest common factor of 740 and d.
20
Let m = 280 - -242. What is the highest common divisor of 58 and m?
58
Let y be (-2)/(2/2)*-14. Suppose -140 = -3*i + y. What is the highest common factor of 7 and i?
7
Suppose 0 = 2*c - 2*a - 44, -2*a + 12 = 4. Suppose 2*d + 40 = -4*v + 4, 3*d - 34 = 2*v. Let g = v + 24. What is the highest common factor of c and g?
13
Let y(g) = g**2 - 3*g + 2. Let n be y(3). Suppose 0 = n*x + x - 21. Let l = x - -18. Calculate the highest common factor of l and 5.
5
Suppose d - 2*l = 25, 3*d + 2*l = -19 + 70. Let v = d - -44. What is the greatest common divisor of 7 and v?
7
Let q(b) = b - 15. Let r be q(31). Calculate the greatest common divisor of r and 16.
16
Let l(i) = i**2 + 4. Suppose 5*t = 2*p + 7, -3*t + 5*p = -0*p + 11. Let y be l(t). Calculate the greatest common factor of y and 39.
13
Let g be (0/(-1))/((-3)/3). Suppose 0*k + 4*t + 9 = 3*k, 5*k + 2*t - 15 = g. Let n = 56 + -53. What is the highest common divisor of k and n?
3
Suppose 0*h - 2*h - 152 = -4*x, 12 = 3*h. Let u be 13 - 8 - (0 - 0). Calculate the greatest common divisor of u and x.
5
Let c = 266 + -86. What is the highest common factor of 20 and c?
20
Suppose 0 = 2*o + 2, p + o - 143 = -0*p. Let h = p - 100. What is the highest common factor of 176 and h?
44
Let f = -105 + 292. Suppose 12*j - 8*j = 0. Suppose j = 3*h + h - 68. What is the highest common factor of h and f?
17
Let s = -1046 - -1508. Calculate the greatest common divisor of s and 84.
42
Suppose 5*s - 240 = -2*a, a = -4*s + 87 + 39. Suppose -x = x - a. What is the highest common factor of 5 and x?
5
Let u = 32 + -9. Let x be -5 + (-319)/(-77) + 1300/14. What is the greatest common factor of u and x?
23
Let s = -331 - -347. What is the greatest common factor of 6 and s?
2
Let s be ((-464)/(-174))/(-2 - (-85)/42). Calculate the highest common factor of s and 80.
16
Let o(i) = -i**3 + i**2 - i. Let p be o(0). Suppose -4*a + 341 + 219 = p. Calculate the greatest common divisor of 20 and a.
20
Suppose 2*t = -2*t + 12. Suppose 3*s - 6 = t. Suppose -7*q = -s*q - 24. Calculate